ommon divisor of f and u.
25
Let g(r) = 21*r - 10. Let z be g(4). Suppose 4*n + 4*l = l - z, -5*n - 5*l = 90. Let x be n/(-6) - 6/(-9). What is the greatest common factor of 8 and x?
4
Let k(s) be the first derivative of s**4/4 + 10*s**3/3 + 8*s**2 + 2*s + 105. Let j be k(-7). Calculate the highest common factor of 148 and j.
37
Let u(f) = -3*f**2 - 4*f + 5. Let y be u(2). Let d be (730/y)/((-4)/6). Suppose -d = -2*c + 71. What is the greatest common divisor of 8 and c?
8
Let f be (-44 + -3 + 12)*1*-245. What is the greatest common factor of 175 and f?
175
Let p = 283 - 279. Let m be 27/((6 - p) + -4 - -3). What is the greatest common factor of 207 and m?
9
Let u be (-2244)/(-18) - ((-17)/(-3) - 5). What is the greatest common divisor of u and 558?
62
Suppose -14*b + 2290 - 4059 = -14439. What is the highest common divisor of 3077 and b?
181
Let i(b) = 48*b**2 - 72*b + 144. Let r be i(2). What is the greatest common divisor of 2624 and r?
64
Let d = 4421 + -4415. Let l be 4/18 + (-32)/(-18). Suppose 0 = 3*t + l*w - 22, 3*t - 3 = 3*w - 6. Calculate the greatest common divisor of d and t.
2
Let d(x) = x**3 + 5*x**2 - x + 2. Let t be d(-4). Suppose 0 = -2*u - 3 + 21. Let k be 63 + (u/3 - 0). What is the highest common factor of t and k?
22
Suppose -5*u + v + 225 = 0, -18 - 27 = -u - 2*v. Suppose -2*w - 126 = -9*w. What is the highest common divisor of u and w?
9
Suppose 0 = 4*m + 5*n - 28850, -m - 408*n = -409*n - 7208. Calculate the greatest common factor of m and 14.
14
Suppose -1437 = -4*a + 3*t, -t + 0*t = -4*a + 1447. Suppose a + 1401 = 21*n. What is the highest common factor of n and 126?
42
Suppose 2*r + 3*c - 9180 = 0, 42*c = 5*r + 38*c - 22927. What is the highest common divisor of 66 and r?
33
Suppose 0 = 9*h - 1463 - 715. Suppose -h = -p - 231. Calculate the highest common divisor of p and 44.
11
Let d(l) = -9*l + 12. Let j(q) = -11*q + 10. Let r(a) = -5*d(a) + 4*j(a). Let v be r(26). Calculate the greatest common divisor of 104 and v.
2
Let t be 198/20 + (-3)/(-30). Let f be (-10)/t + 44*4. What is the highest common factor of f and 35?
35
Let n be (5/(50/(-4)))/(5/(-25)). Let t be (24/(-20))/(84/45 - n). Suppose -12*r + t*r + 1353 = 0. What is the greatest common factor of 41 and r?
41
Let m be ((-16)/(-32))/((-6)/16) + 42396/18. Calculate the greatest common divisor of m and 22.
22
Suppose 42*y + 187 - 691 = 0. Suppose 2*l = 3*s - 0*s + 255, -5*l = 3*s - 669. Calculate the greatest common factor of y and l.
12
Let o be (-20)/(-18) + (-10430)/(-90). What is the greatest common factor of 225 and o?
9
Suppose -5*c = -12*z + 13*z - 941, 0 = 3*z + 24*c - 2778. What is the highest common factor of 126 and z?
42
Let c = 697 + -658. Let j be 1 + -3 + 744 - 1. Calculate the greatest common factor of c and j.
39
Let i = 170 - 156. Let x be i/147*7*360/2. What is the highest common divisor of x and 75?
15
Let z = -3 - -69. Let m = z + -46. Let o = 24 - m. Calculate the greatest common factor of 32 and o.
4
Let k(p) = -p**2 + 26*p - 118. Let n = 111 - 96. Let s be k(n). Calculate the greatest common divisor of s and 329.
47
Suppose -35*m + 38*m = -21, -2*a + 112 = -4*m. What is the highest common factor of 742 and a?
14
Let v(k) = -k**2 - 69*k + 383. Let z be v(5). What is the greatest common divisor of z and 637?
13
Let z(w) = -2*w**2 + 12*w - 4. Let a be z(5). Let y = -156 + 170. Let f be 2/a*(64 + y). Calculate the highest common divisor of f and 13.
13
Suppose 4*t - 2*a - 3*a - 485 = t, 17*t + 3*a - 2717 = 0. Let m = 1 + -4. Let k be 12*(-8)/m*2. What is the greatest common factor of k and t?
32
Let a be (624/(-7))/(13/455*-10). Calculate the highest common factor of 12948 and a.
156
Suppose 2*n - 526 = 4*y, -5*n = 2*y + 604 - 1835. Calculate the highest common divisor of 10375 and n.
83
Suppose -232272 = -241*v + 170230 + 230846. Calculate the highest common factor of 108 and v.
36
Let b be 2/((336/1332)/(-14)). Let u = 32 - 55. Let k = u - b. What is the greatest common divisor of 11 and k?
11
Suppose -16616 - 70642 = -45*p - 6528. Calculate the highest common factor of 2070 and p.
138
Let h = 148 + -53. Let d = -7847 + 7885. What is the highest common divisor of h and d?
19
Suppose 0 = -3*l + x + 11, 2*l + 2*l - 2*x = 12. Let c(v) = -4*v**3 - 15*v**2 - 10*v - 49. Let h be c(-6). Calculate the greatest common factor of l and h.
5
Let k be ((-171)/18 + -5)/(2/(-64)). Let q = k + -442. What is the highest common factor of 1100 and q?
22
Let a be (-5)/(-4) + (-1)/4. Let q(b) = 6*b**2 - 61*b + 63. Let g be q(10). Let i be -6*g/(-39) - (-12)/(-78). Calculate the greatest common factor of a and i.
1
Let l(j) = -47*j - 1056. Let o(x) = 15*x + 353. Let w(c) = -3*l(c) - 8*o(c). Let t be w(-8). What is the highest common factor of t and 11?
11
Suppose p = 3*x + 9 - 2, 0 = -3*p + 4*x + 21. Let k = 18 + -3. Let v(c) = c**2 - 12*c + 4. Let y be v(k). Calculate the greatest common factor of p and y.
7
Let d = 4 + -10. Let z(b) = b**3 + 5*b**2 + b + 1. Let i be z(d). Let k = i + 52. Calculate the highest common divisor of 121 and k.
11
Let y = 9006 - 8619. What is the greatest common factor of 344 and y?
43
Let a(v) = -v**2 + v + 1. Let y = 69 - 71. Let d(c) = -c**2 + c + 48. Let h(x) = y*a(x) + d(x). Let i be h(0). What is the greatest common divisor of i and 46?
46
Let u(z) = -z - 14. Let j be u(-20). Suppose j*f + 6 = 234. Let a = 67 - f. What is the greatest common factor of 29 and a?
29
Let b = -43 + -80. Let n = b + 141. What is the highest common factor of n and 99?
9
Let c = -499 - -811. What is the greatest common factor of c and 52?
52
Suppose 8839 = 17*q - 6189. What is the greatest common factor of q and 476?
68
Let f(l) = 25*l - 328. Let s be f(-9). Let u = -544 - s. Calculate the greatest common factor of u and 243.
9
Let z = -87 - -92. Suppose -2*w = -8, -z*x + 3*w + 43 = -90. What is the greatest common factor of 377 and x?
29
Let n be (228/95)/(-1 - 249/(-240)). Suppose -2*g + 263 = -313. Calculate the highest common factor of n and g.
32
Suppose 3*h = 11*h + 13*h - 186480. What is the highest common divisor of h and 666?
222
Suppose 0 = -18*o + 17*o + 3*w - 16, w = 3*o. Calculate the highest common divisor of o and 23.
1
Let s(m) = 2*m**3 - 2*m**2 - 7*m. Let j be s(5). Let u(b) = -193*b + 3363. Let t be u(16). Calculate the greatest common factor of t and j.
55
Suppose 138 = 5*u + 118. Suppose -2*k - 47 = b - 4*b, u*b - 58 = -2*k. Calculate the greatest common divisor of 15 and b.
15
Let h = 68 + -38. Let l = 5 + h. Let t be (-2)/(-5) + 231/l. Calculate the highest common divisor of t and 63.
7
Let r = 498 + -316. Let p = -156 + r. Calculate the highest common factor of 130 and p.
26
Let g = -3 - 11. Let f(q) = 8*q - 102. Let a(r) = -2*r + 24. Let l(u) = 9*a(u) + 2*f(u). Let x be l(g). What is the greatest common divisor of x and 8?
8
Let h = 825 + -820. Let j be h + 8*30/40. Suppose 0*s + 154 = 2*s. Calculate the greatest common factor of s and j.
11
Let f(g) = 49*g + 1368. Let d be f(-19). What is the greatest common factor of d and 95?
19
Let n = -18125 + 18165. What is the greatest common divisor of 315 and n?
5
Let c(j) = -6*j - 4. Let k be c(-2). Let f = -132 - -105. Let h = -26 - f. Calculate the greatest common factor of k and h.
1
Let a(o) = -2*o**2 + 28*o + 3. Let m be a(12). Let s = -256 + 511. What is the greatest common factor of s and m?
51
Let g(m) = 3*m - 20 - 38 - 36 + 3*m**2. Let q be g(9). Calculate the greatest common factor of 16 and q.
16
Let v(p) = -p**3 + 36*p**2 - 68*p + 80. Let h be v(34). Let u be 15/(-1)*h/(-30). Calculate the highest common factor of 100 and u.
20
Let z(j) = 88*j**2 - 113*j + 115. Let b be z(5). Calculate the highest common factor of 126 and b.
14
Let q(d) = -398*d - 1518. Let i be q(-4). Calculate the highest common divisor of 703 and i.
37
Let z = -16127 - -16339. What is the greatest common divisor of z and 20?
4
Suppose 2*r = -5*m + 249 - 105, -m + r = -33. Calculate the greatest common factor of m and 23070.
30
Suppose -w - 34 = a - 4*a, -5*a + 68 = 4*w. Let d = 4844 - 4784. What is the greatest common divisor of a and d?
12
Let h(t) = 2*t**2 - 124*t - 1831. Let f be h(113). Calculate the greatest common divisor of 35 and f.
35
Suppose 6*b + 914 = 212. Let h = b - -215. What is th